2).
-120
Let g(s) = 18525*s + 129631. Calculate g(-7).
-44
Let z(j) = -143*j - 6680. Calculate z(-64).
2472
Let f(r) = 2*r**3 + r**2 - 968*r - 3883. What is f(-4)?
-123
Let q(f) = -f**2 + 181*f + 126647. Determine q(457).
515
Let i(t) = -t**3 + 10*t**2 + 297*t - 1211. What is i(4)?
73
Let i(w) = -w**2 + 41*w + 86. Determine i(45).
-94
Let t(n) = -59166*n - 1360813. Determine t(-23).
5
Let v(j) = 145*j**2 + 957*j + 955. Determine v(-1).
143
Let g(n) = -n**2 - 92*n - 1894. What is g(-36)?
122
Let h(q) = -3106*q - 534063. Calculate h(-172).
169
Let b(x) = x**3 - 96*x**2 + 593*x - 331. What is b(6)?
-13
Let w(n) = 3*n**3 + 122*n**2 + 300*n - 148. Determine w(-38).
4
Let m(y) = 2*y**3 - 7*y**2 + 7*y + 87. What is m(0)?
87
Let w(b) = b**2 + 818*b + 85248. Give w(-123).
-237
Let b(a) = -a**2 - 116*a + 5862. Give b(-152).
390
Let x(u) = -u + 279. Give x(-4).
283
Let t(p) = -p**2 - 245*p + 1554. Calculate t(-251).
48
Let p(h) = -6*h**2 + 716*h + 1023. Determine p(121).
-187
Let q(b) = -32*b**2 - 8814*b + 4979. Calculate q(-276).
11
Let k(d) = -210*d - 30177. What is k(-140)?
-777
Let c(f) = -24*f**2 - 4925*f - 1109. Give c(-205).
-84
Let t(z) = 13022*z - 52378. What is t(4)?
-290
Let x(s) = 417541*s + 2505266. What is x(-6)?
20
Let p(l) = -9938*l + 963945. Give p(97).
-41
Let q(x) = -x**3 - 7*x**2 - 418*x + 2436. Determine q(6).
-540
Let s(c) = -4*c**3 - 80*c**2 + 2104*c - 72. Give s(15).
-12
Let p(q) = q**3 + 64*q**2 - 8*q - 24. Give p(-64).
488
Let i(q) = 6*q**2 + 91*q + 620. What is i(-13)?
451
Let c(q) = -4*q**3 + 568*q**2 + 45*q - 6536. Give c(142).
-146
Let s(i) = i**2 - 893*i + 48533. Give s(58).
103
Let c(y) = -y**3 + 412*y**2 - 38956*y + 231. Give c(265).
-34
Let t(i) = -960*i + 11622. Determine t(12).
102
Let j(m) = -423149*m + 3385204. What is j(8)?
12
Let b(x) = 2002*x - 98183. Give b(49).
-85
Let k(a) = -21*a**2 - 9072*a - 54443. Give k(-6).
-767
Let v(a) = 574*a - 41868. Calculate v(73).
34
Let i(p) = -627*p - 19016. Calculate i(-28).
-1460
Let h(x) = 141*x**2 - 27458*x - 7216. What is h(195)?
-1
Let l(z) = -1483*z - 63870. Determine l(-41).
-3067
Let x(c) = -2*c**3 - 69*c**2 - 655*c - 1763. Determine x(-21).
85
Let u(w) = -751*w + 210940. Determine u(281).
-91
Let p(s) = -6*s**3 + 414*s**2 + 343*s + 5385. Determine p(70).
-5
Let o(u) = 1048*u - 77606. What is o(74)?
-54
Let x(n) = 22210*n - 377578. Give x(17).
-8
Let j(f) = -1954*f - 107767. What is j(-55)?
-297
Let y(x) = -x**3 + 28*x**2 - 2*x + 1114. Calculate y(29).
215
Let q(t) = -t**2 - 391*t - 16647. Determine q(-52).
981
Let x(n) = 92*n**2 - 2526*n + 13180. What is x(7)?
6
Let p(z) = 40717*z - 488620. What is p(12)?
-16
Let r(h) = -5*h**3 + 617*h**2 + 7826*h + 685. Calculate r(135).
145
Let f(b) = -117*b - 16482. What is f(-184)?
5046
Let w(r) = -10*r**2 - 7792*r - 15580. Give w(-2).
-36
Let f(l) = 10*l**2 - 350*l - 158. Calculate f(36).
202
Let g(s) = -74*s - 9241. Give g(-156).
2303
Let j(x) = x**3 + 1483*x**2 - 70281*x + 81049. Determine j(-1529).
12
Let w(q) = -q**2 - 170397*q - 12433653. What is w(-73)?
-1
Let p(c) = -26*c**2 - 133*c + 355. Give p(3).
-278
Let j(n) = n**2 + 470*n + 4606. Calculate j(-10).
6
Let m(b) = -b**3 - 64*b**2 - 58*b - 17344. Give m(-67).
9
Let m(q) = 82*q**2 + 13363*q - 392. What is m(-163)?
97
Let t(u) = -316*u + 11841. Determine t(36).
465
Let f(z) = 13251*z - 424016. Calculate f(32).
16
Let i(b) = -62*b + 17028. Calculate i(277).
-146
Let g(h) = 57911*h**2 - 1100315*h + 105. Determine g(19).
-9
Let n(u) = -2941*u + 5481. Calculate n(2).
-401
Let n(t) = -432732*t - 9087366. What is n(-21)?
6
Let k(d) = -d**2 + 307*d + 1260. Determine k(311).
16
Let l(z) = 4*z**3 + 94*z**2 - 474*z - 10222. What is l(-24)?
2
Let p(h) = -1274*h + 300666. Calculate p(236).
2
Let r(d) = -20270*d - 20277. Calculate r(-1).
-7
Let c(a) = -a**2 - 125253*a - 2379446. Calculate c(-19).
0
Let h(p) = 17*p**2 - 452*p + 452. What is h(1)?
17
Let p(k) = 2*k**3 + k**2 + k + 246. Determine p(-8).
-722
Let b(f) = 2482*f + 54616. Determine b(-22).
12
Let f(r) = 37620*r + 27349735. Calculate f(-727).
-5
Let b(p) = -p**3 - 6*p**2 - 7502*p - 67781. Give b(-9).
-20
Let d(x) = -48*x**2 - 3608*x + 124. Determine d(-75).
724
Let x(j) = 9*j**2 - 19*j - 2182. What is x(16)?
-182
Let p(b) = 7*b**3 + 8*b**2 - 27*b + 1. Give p(3).
181
Let o(s) = -198*s**2 - 843*s - 26. Give o(-4).
178
Let v(d) = d**3 + 31*d**2 + 16200*d + 112228. What is v(-7)?
4
Let i(s) = 5*s**3 - 920*s**2 + 7*s - 1306. What is i(184)?
-18
Let b(l) = -306*l + 2220. Determine b(5).
690
Let a(r) = -1419*r - 15446. Calculate a(-11).
163
Let w(c) = c**2 + 52908*c + 13583715. What is w(-258)?
15
Let x(l) = 31*l**2 - 3373*l - 37601. Give x(119).
3
Let j(z) = -61*z**3 + 91*z**2 + 118*z + 26. Determine j(-1).
60
Let g(j) = j**2 - 64*j + 1097. Calculate g(24).
137
Let s(d) = -212952*d + 20. What is s(0)?
20
Let g(y) = 41*y**2 - 1109*y + 1124. Give g(26).
6
Let r(f) = 18*f**2 - 181*f + 99. Determine r(7).
-286
Let m(x) = -15022*x - 45044. What is m(-3)?
22
Let y(x) = 81*x**2 - 452*x + 233. Determine y(5).
-2
Let f(o) = -69*o + 8164. Determine f(117).
91
Let r(c) = -22*c**2 - 910*c - 5509. Give r(-34).
-1
Let j(m) = m**3 - 943*m**2 + 12069*m - 10. Determine j(13).
-283
Let j(f) = -130*f**2 + 267*f - 49. Calculate j(4).
-1061
Let t(b) = b**2 - 23717*b - 261010. Give t(-11).
-2
Let j(v) = -v**2 - 1193*v - 62564. Calculate j(-55).
26
Let n(v) = 311*v - 1502. Give n(2).
-880
Let z(q) = 166*q**2 + 1495*q + 14. Give z(-9).
5
Let p(t) = t**2 + 431*t - 121241. Calculate p(194).
9
Let u(s) = 4169*s + 34337. Give u(-8).
985
Let o(t) = 2*t**3 + 5*t**2 - 153*t - 474. Determine o(-3).
-24
Let g(r) = -3*r**2 - 789*r - 4642. Calculate g(-6).
-16
Let h(j) = -5*j**3 - 78*j**2 - 40*j - 114. Give h(-15).
-189
Let h(p) = -2207*p - 34442. Determine h(-15).
-1337
Let z(g) = g**3 + 12*g**2 + 585*g + 8556. Calculate z(-14).
-26
Let r(a) = 53*a**2 - 30319*a + 1738. Calculate r(572).
22
Let g(u) = 1596*u - 1714116. Determine g(1074).
-12
Let v(w) = -w**3 - 158*w**2 + 9632*w - 825. What is v(-205)?
-210
Let w(q) = -1280*q - 177023. Calculate w(-138).
-383
Let h(t) = -1074*t - 80906. Determine h(-76).
718
Let p(l) = 580*l**2 + 557381*l + 944. Determine p(-961).
-17
Let g(h) = -324*h**2 - 1041*h - 206. What is g(-3)?
1
Let r(f) = -133*f - 13482. Give r(-107).
749
Let g(w) = -45*w + 3446. Calculate g(38).
1736
Let l(u) = 79*u**2 + 4928*u + 42632. Calculate l(-52).
-8
Let d(l) = 2*l**3 + 15*l**2 - 46217*l - 277381. Give d(-6).
29
Let s(a) = -16770*a + 1861458. Calculate s(111).
-12
Let a(p) = 12*p**2 + 995*p + 2909. What is a(-85)?
5034
Let n(d) = 2*d**3 - 33*d**2 + 88*d + 442. Calculate n(10).
22
Let t(w) = -2*w**3 - 23*w**2 + 22*w + 341. Calculate t(-12).
221
Let d(j) = 3632*j + 29044. Determine d(-8).
-12
Let l(t) = -12*t**3 - 1847*t**2 - 36138*t - 48. What is l(-23)?
67
Let a(u) = 2*u**2 - 267*u + 8218. What is a(48)?
10
Let d(p) = -11603*p - 46456. Give d(-4).
-44
Let v(a) = -247*a - 26768. Give v(-109).
155
Let v(r) = r**3 - 126*r**2 - 202*r + 8394. Determine v(127).
-1131
Let n(b) = b**3 - 30*b**2 + 485*b - 13233. What is n(29)?
-9
Let r(j) = 3*j**3 + 476*j**2 - 380*j - 35168. What is r(-159)?
-29
Let j(o) = -8045*o + 56323. Determine j(7).
8
Let c(d) = -d**2 - 403277*d - 2419631. What is c(-6)?
-5
Let q(w) = 2*w**3 + 100*w**2 - 5*w - 221. Calculate q(-50).
29
Let t(v) = 5*v**2 - 224*v + 3289. What is t(25)?
814
Let n(l) = 25381*l + 177672. Calculate n(-7).
5
Let f(d) = 224740*d + 1573178. Give f(-7).
-2
Let m(p) = 280*p**3 - 1044*p**2 - 306*p + 4. Determine m(4).
-4
Let f(b) = b**2 + 31*b - 86. What is f(5)?
94
Let i(m) = -m**3 - 19*m**2 - 62*m - 486. Determine i(-17).
-10
Let w(y) = 222313*y - 444622. Determine w(2).
4
Let r(f) = -17161*f + 34768187. What is r(2026)?
1
Let l(r) = -32*r**2 - 9655*r + 58988. Give l(6).
-94
Let x(p) = -9*p - 980. Calculate x(65).
-1565
Let v(a) = 70*a**3 - 5*a - 39. Give v(3).
1836
Let u(z) = -8*z**3 + 20*z**2 - 60*z - 76. What is u(7)?
-2260
Let h(p) = 2*p**3 - 126*p**2 - 515*p - 1448. Give h(67).
-41
Let v(s) = -s**3 + 6*s**2 + 2918*s - 17513. Calculate v(6).
-5
Let t(j) = -j**2 + 1870*j + 83769. Give t(-44).
-447
Let v(y) = -y**3 + 92*y**2 - 887*y - 62904. Give v(54).
6
Let t(i) = -65*i**2 + 20480*i - 1581. Determine t(315